hat is the highest common divisor of 6 and 111?
3
Calculate the greatest common divisor of 1225 and 3500.
175
Calculate the greatest common divisor of 6624 and 1152.
288
Calculate the highest common factor of 3280 and 80.
80
What is the greatest common factor of 1240 and 155?
155
What is the highest common factor of 72 and 108?
36
Calculate the highest common factor of 399 and 651.
21
What is the greatest common divisor of 24 and 588?
12
What is the greatest common factor of 8715 and 1260?
105
What is the highest common factor of 6205 and 170?
85
What is the greatest common divisor of 925 and 37?
37
What is the highest common factor of 188 and 1598?
94
Calculate the highest common factor of 1365 and 1950.
195
Calculate the highest common factor of 81 and 639.
9
What is the highest common divisor of 316 and 790?
158
Calculate the highest common divisor of 6649 and 763.
109
What is the highest common divisor of 26439 and 42?
21
Calculate the greatest common divisor of 549 and 488.
61
What is the highest common divisor of 708 and 12?
12
Calculate the greatest common divisor of 280 and 800.
40
What is the highest common factor of 105 and 135?
15
Calculate the highest common factor of 735 and 105.
105
What is the highest common divisor of 10 and 32?
2
What is the greatest common factor of 50 and 770?
10
What is the highest common factor of 640 and 220?
20
What is the greatest common factor of 27 and 3429?
27
Calculate the greatest common divisor of 329 and 188.
47
What is the highest common divisor of 63386 and 82?
82
Calculate the greatest common factor of 126 and 180.
18
What is the greatest common divisor of 92 and 32108?
92
What is the greatest common divisor of 121 and 7744?
121
Calculate the greatest common divisor of 7 and 2408.
7
Calculate the highest common factor of 22 and 484.
22
Calculate the highest common divisor of 182 and 10920.
182
Calculate the greatest common divisor of 54 and 27.
27
Calculate the greatest common factor of 2491 and 159.
53
What is the highest common divisor of 2414 and 284?
142
Calculate the greatest common factor of 114 and 174.
6
Calculate the highest common divisor of 2990 and 184.
46
Calculate the highest common factor of 16290 and 270.
90
What is the highest common factor of 780 and 24?
12
What is the greatest common factor of 64 and 44?
4
What is the greatest common factor of 84 and 168?
84
Calculate the highest common divisor of 2 and 8.
2
Calculate the greatest common divisor of 40 and 5600.
40
What is the highest common divisor of 450 and 2650?
50
Calculate the greatest common factor of 583 and 11.
11
What is the greatest common divisor of 45 and 9?
9
Calculate the highest common divisor of 413 and 42.
7
Calculate the greatest common divisor of 3 and 63.
3
Calculate the greatest common factor of 9 and 178.
1
Calculate the greatest common divisor of 13 and 2197.
13
Calculate the greatest common divisor of 156 and 26.
26
What is the greatest common factor of 2376 and 5400?
216
What is the greatest common divisor of 136 and 1734?
34
What is the greatest common divisor of 122 and 2?
2
Calculate the highest common divisor of 14 and 658.
14
Calculate the greatest common divisor of 3679 and 13.
13
Calculate the highest common factor of 9564 and 24.
12
Calculate the highest common factor of 5 and 49.
1
Calculate the highest common factor of 78 and 4758.
78
Calculate the highest common divisor of 23 and 3013.
23
What is the greatest common divisor of 350 and 250?
50
What is the highest common divisor of 217 and 3131?
31
Calculate the highest common divisor of 90 and 7542.
18
What is the greatest common factor of 2132 and 299?
13
Calculate the greatest common divisor of 678 and 90.
6
Calculate the highest common factor of 216 and 135.
27
What is the greatest common divisor of 144 and 396?
36
Calculate the greatest common divisor of 468 and 72.
36
Calculate the highest common divisor of 30 and 4240.
10
Calculate the greatest common divisor of 19 and 38.
19
What is the highest common factor of 854 and 42?
14
What is the greatest common factor of 51 and 867?
51
What is the greatest common divisor of 13 and 208?
13
What is the greatest common factor of 516 and 3784?
172
What is the highest common divisor of 15 and 285?
15
What is the greatest common factor of 45 and 72?
9
Calculate the highest common factor of 114 and 6.
6
Calculate the greatest common divisor of 249 and 61503.
249
What is the greatest common divisor of 9 and 2?
1
What is the highest common factor of 19886 and 122?
122
Calculate the highest common factor of 1650 and 450.
150
Calculate the greatest common factor of 1215 and 162.
81
What is the greatest common factor of 74 and 2257?
37
Calculate the greatest common divisor of 644 and 184.
92
Calculate the highest common divisor of 23 and 276.
23
Calculate the greatest common divisor of 154 and 187.
11
Calculate the greatest common divisor of 113 and 226.
113
Calculate the greatest common divisor of 9801 and 121.
121
What is the highest common factor of 615 and 41?
41
What is the highest common factor of 138 and 6?
6
What is the highest common factor of 27 and 783?
27
What is the greatest common divisor of 33 and 18?
3
Calculate the highest common factor of 80 and 40.
40
What is the highest common divisor of 36038 and 74?
74
Calculate the highest common factor of 17 and 3587.
17
Calculate the highest common divisor of 7 and 175.
7
Calculate the highest common factor of 20048 and 112.
112
What is the greatest common divisor of 55 and 65?
5
What is the highest common factor of 3732 and 36?
12
Calculate the highest common divisor of 192 and 128.
64
What is the highest common divisor of 60 and 2496?
12
What is the greatest common divisor of 133 and 1843?
19
What is the greatest common divisor of 992 and 1104?
16
What is the greatest common divisor of 33 and 55?
11
What is the greatest common factor of 403 and 713?
31
Calculate the highest common divisor of 106 and 18.
2
Calculate the highest common divisor of 44 and 66.
22
What is the greatest common factor of 52 and 52?
52
Calculate the highest common factor of 7910 and 70.
70
Calculate the highest common factor of 7 and 9.
1
Calculate the greatest common divisor of 12 and 64.
4
Calculate the greatest common divisor of 9 and 1413.
9
Calculate the highest common divisor of 1320 and 1540.
220
What is the highest common divisor of 8 and 128?
8
Calculate the highest common factor of 170 and 255.
85
What is the highest common factor of 235 and 11280?
235
What is the highest common divisor of 632 and 79?
79
What is the greatest common divisor of 572 and 52?
52
Calculate the greatest common factor of 121 and 165.
11
What is the greatest common factor of 2388 and 132?
12
What is the greatest common factor of 54 and 189?
27
Calculate the greatest common factor of 551 and 76.
19
Calculate the greatest common factor of 202 and 20402.
202
What is the highest common factor of 1056 and 33?
33
Calculate the greatest common divisor of 247 and 299.
13
Calculate the greatest common divisor of 585 and 6825.
195
What is the greatest common divisor of 36 and 6348?
12
What is the highest common factor of 24 and 201?
3
What is the greatest common divisor of 330 and 120?
30
What is the highest common factor of 48 and 300?
12
What is the highest common divisor of 1199 and 154?
11
What is the highest common factor of 273 and 37947?
273
Calculate the greatest common divisor of 24757 and 19.
19
What is the highest common divisor of 184 and 52?
4
Calculate the greatest common divisor of 71142 and 852.
426
What is the highest common divisor of 531 and 59?
59
Calculate the greatest common factor of 2982 and 42.
42
Calculate the greatest common factor of 15 and 135.
15
What is the highest common divisor of 1417 and 13?
13
What is the greatest common factor of 31 and 124?
31
Calculate the greatest common factor of 26 and 8138.
26
What is the greatest common factor of 1554 and 714?
42
Calculate the highest common factor of 92 and 1817.
23
Calculate the highest common divisor of 19399 and 19.
19
What is the greatest common factor of 204 and 24?
12
Calculate the greatest common factor of 2160 and 800.
80
Calculate the highest common divisor of 140 and 15.
5
What is the greatest common fa